t x(u) = u**3 + 0 - 7 - 2*u**3 - w*u**2 - 6*u. Determine x(-5).
-2
Let w(a) = 3*a**2 + 5*a - 2. Let f(h) = -5*h**2 - 10*h + 4. Let l(v) = 4*f(v) + 7*w(v). Determine l(5).
2
Let w(k) = k**2 + 4*k - 7. Let h(n) = -n + 1. Let p(b) = 10*h(b) + 2*w(b). Suppose -15 = -3*u, -f + 3*u + 25 = 3*f. Let g be 4/f + 52/20. Determine p(g).
8
Let x(f) = 7*f. Suppose 0*n + 4*n = -4*b, -4*n = 5*b + 2. Let j be ((-2)/(-8))/(b/(-8)). Determine x(j).
7
Let t(c) be the first derivative of -5 + 1/3*c**3 + c + 0*c**2. What is t(1)?
2
Let l(c) be the third derivative of -c**3 + 5/24*c**4 + 0*c + 5*c**2 + 0. Give l(4).
14
Let z(x) = -12 - 1 - 9*x**3 + 12 + 2*x**3. Determine z(-1).
6
Let h = 2 - 4. Let n(d) = -1 - 2*d**2 - 2*d + 0*d**2 + 0*d**2. What is n(h)?
-5
Let y(l) be the first derivative of 4*l - 1/3*l**3 + l**2 - 2. What is y(4)?
-4
Suppose -7 = 3*d + 17. Let n = d + 3. Let z(r) = -r**2 - 3*r + 4. Calculate z(n).
-6
Suppose 0 = -4*w + 3*t - 21, -3*w - 4*t = -w - 6. Let y(r) = -r**2 - 8*r - 4. Calculate y(w).
11
Let p(h) = -3 + 3*h - h - 5 - 5*h. Calculate p(-4).
4
Let s = -2 + -1. Let y be 4/(s - (0 - 4)). Let r(b) be the second derivative of -b**5/20 + b**4/4 + b**3/2 + 5*b**2/2 + b. What is r(y)?
1
Let i be 8/((-1)/(-1) - (-4 - -3)). Let x(a) = 0*a**2 + 3 + 2*a - a**2 + 0. What is x(i)?
-5
Let v(u) = u**2 + 10*u - 11. Suppose 0 = 5*h + 9*h + 126. What is v(h)?
-20
Suppose f = g - 7, 3*f + 3*g + 8 = -7. Let s(u) = u**3 + 5*u**2 - 5*u - 2. What is s(f)?
-8
Let f(m) = 10*m + 3. Suppose -5*h + 4 = 14. What is f(h)?
-17
Let o(n) be the third derivative of -n**4/24 + n**3 - 7*n**2. Suppose 0 = -0*v + v. Calculate o(v).
6
Let t be 2/(-5) + (-462)/(-30). Let f be (-57)/15 + (-3)/t. Let r(i) = -i**2 - 5*i + 3. Give r(f).
7
Let n(l) = -l + 3*l**3 - 2*l**2 + 2*l**2 + 1. Let a(t) = -3*t - 2. Let x be a(-1). Suppose x - 6 = -5*j. Determine n(j).
3
Let u(x) = x - 3. Let a(o) = -1. Let l(q) = -7*a(q) + 3*u(q). Give l(2).
4
Suppose f + 42 = 3*c - 2*f, -94 = -5*c - 3*f. Let j = c - 11. Let q(h) = -h + 1. What is q(j)?
-5
Let m be ((-24)/15)/(4/(-10)). Let a(o) = o**2 - 3*o + 5. Determine a(m).
9
Let q be (-2)/5 - (-28)/(-5). Let g(r) = r. Let d(x) = -8*x - 1. Let t(a) = q*g(a) - d(a). Determine t(2).
5
Suppose 0 = -3*f + 3 + 12. Suppose -f = 2*w + 3. Let p(b) = -3*b - 4. Let v(s) = 4*s + 4. Let y(q) = w*v(q) - 5*p(q). What is y(5)?
-1
Let r = 8 + -6. Let z(o) = -8 - 1 - 4*o**r + 5*o**2. Let s be (0/(-1))/(2 + -1). Give z(s).
-9
Let m(a) be the third derivative of a**5/60 - 5*a**4/24 - 2*a**3/3 + a**2 - 6. Let n be 4 - (-1)/(2/4). What is m(n)?
2
Let p be (-15)/6*(0 - 2). Suppose -p*d + 3*r - 46 = 0, 0 = -6*d + 2*d + 5*r - 42. Let m = d + 5. Let c(b) = b**2 + b + 1. Give c(m).
7
Suppose -x = -2*x. Let p(d) = -d - 16. Calculate p(x).
-16
Suppose b - 3 = n, -5*b - 5*n - 3 = -7*b. Let t(p) = -p + 5. What is t(b)?
1
Let y(g) = 5 + 25*g - 49*g + 29*g. Determine y(-6).
-25
Let x be (-2)/11 - 48/(-22). Suppose -4 = -x*w + 6. Let m(b) = w - b + 0*b + 3*b**2 - 4*b**2. What is m(-4)?
-7
Let l be 9/2 - 1/2. Suppose 16 = -k + 5*k. Let t(o) = 3*o - k*o**2 - 6 + o**3 + 0 + 0*o**2 + 0. Determine t(l).
6
Let n(x) = -x - 2. Let r be n(-5). Let z(k) = -2*k**2 - k + 0 - 4 + 5 + 0*k + k**r. Calculate z(3).
7
Let i(u) = u - 3. Suppose 0 = 4*n - 2*n. What is i(n)?
-3
Let k(j) = j - 4. Suppose -3*s + 5*s = 0. Determine k(s).
-4
Let o(u) = -u**2 - 2*u. Let b = -17 - -14. What is o(b)?
-3
Let o(i) = i**3 - 7*i**2 - 2*i - 2. Let n be (-7 - (-175)/10)*4/6. What is o(n)?
-16
Let y(h) = -h**3 + 3*h**2 + 2*h. Let p(x) = x**3 - 6*x**2 - 8*x + 5. Let l be p(7). Give y(l).
16
Let t = 33 + -18. Suppose -5*b + 5 = -5. Suppose -3*y + b*q - 3 = 0, 3*q - 4*q = 4*y + t. Let r(d) = d**3 + 5*d**2 + 4*d. Give r(y).
6
Let q(w) be the third derivative of w**6/120 + w**5/20 + 5*w**4/24 + 2*w**3/3 + 4*w**2. Determine q(-3).
-11
Let f(q) = -2*q**2 + q. Let n be -2 - 1 - (-2)/1. Calculate f(n).
-3
Let a(j) = j - 2. Let z(v) = -v + 6. Let q be z(7). Let u be (q + 0)*-3 - -1. Calculate a(u).
2
Suppose 3*z + i = 19, z - 2*i = -z + 2. Let b(y) be the third derivative of -y**2 - 5/24*y**4 + 0 + 0*y - 1/60*y**z - y**3. Calculate b(-5).
-6
Let f(v) = v. Let u(b) be the second derivative of -b**3/6 - 5*b. Let c(d) = 2*f(d) + u(d). Let x(p) = p**2 - 4*p - 7. Let a be x(6). Give c(a).
5
Let t(j) be the second derivative of 3*j**4/2 + j**3/3 + j**2/2 - 9*j. What is t(-1)?
17
Let u = -1 - -1. Let v(k) = u*k + k**2 - 7*k + 3 + 2. Let n(r) = -2*r + 1. Let o be n(-2). Calculate v(o).
-5
Suppose -a = -6*a - 10. Let d(k) be the first derivative of k**2/2 + 3*k - 12. What is d(a)?
1
Let b(x) = x + 4. Let i(f) = f + 1. Suppose q + 1 = 2*s, 0 = -4*q + 4 + 8. Let c(r) = s*i(r) - b(r). What is c(5)?
3
Let z = 0 - 3. Let s(p) = 4 + 2*p**2 + 3*p**3 - 3 - 2*p**3 + 0*p**3. Give s(z).
-8
Let b(r) = r**2 - 7*r + 10. Let o(u) = 1. Let j(v) = -b(v) + 4*o(v). Suppose 2*n + 0*n - 2 = 0. Let t(s) = 3*s**3 + 1. Let h be t(n). Determine j(h).
6
Let m = -27 - -47. Suppose -t = 4*t - m. Let j(o) = -3*o - t - o**2 + 2*o + 2*o. Calculate j(3).
-10
Let o(x) = 3*x**2 + 5*x - x**2 + 2 - x. Suppose -21*n = -34 + 97. What is o(n)?
8
Let y(r) = -2*r**3 + r + 1. Let k = 9 + -1. Suppose -4*h = 12 - k. What is y(h)?
2
Let a(f) be the first derivative of -f**5/20 - 5*f**4/12 + f**3/2 + f**2/2 + 3*f - 7. Let j(p) be the first derivative of a(p). Give j(-5).
-14
Let v be -3 - (0/2 - 1). Let w(m) = m**2 - 3*m + 2. Let k be w(3). Let u(h) = 2*h**2 - 1 - 4*h**2 - h**3 + k. Determine u(v).
1
Let y(x) = x**3 + 4*x**2 - 3*x + 3. Let l(q) = -6*q**3 - 20*q**2 + 15*q - 16. Let f(z) = 2*l(z) + 11*y(z). Suppose 5*a - 9 = 2*a. What is f(a)?
1
Let p(a) be the third derivative of -a**5/120 - a**4/12 - a**3/6 + a**2. Let m(l) be the first derivative of p(l). Calculate m(-2).
0
Let p(w) be the first derivative of -5*w**2/2 + 2*w + 49. Determine p(3).
-13
Let y(b) = -b**3 + 17*b**2 - 16*b - 5. Let z be y(16). Let k(v) = v**2 + 5*v - 4. Give k(z).
-4
Let v = 4 - 11. Let x(j) = j + 17. Determine x(v).
10
Let w(h) = 2 + 3*h - 4*h + 4 + 0*h. Let g be w(4). Let o(d) = -2*d - 4 + g*d - 2*d. Calculate o(-4).
4
Suppose 4*o = -0 - 4. Let p(f) = -3*f - 6*f - 9 + 8 + 2*f. Determine p(o).
6
Let k(s) be the second derivative of -5/12*s**4 - 1/2*s**2 + 0*s**3 + s + 0. Calculate k(-1).
-6
Let f(w) = w**3 + 3*w**2 - 4*w - 1. Let r = 24 + -28. Calculate f(r).
-1
Let l(j) = -2*j + 1. Let d be l(-2). Suppose -3*u - 17 = -0*o - o, d*u - 5*o + 35 = 0. Let h(r) = -r - 3. Give h(u).
2
Let h be ((2 + -2)/(-3 + 5))/(-1). Let n(z) = 11*z**2 + 7*z + 3. Let a(m) = 5*m**2 + 3*m + 2. Let f(t) = 9*a(t) - 4*n(t). Calculate f(h).
6
Let k(f) = -f**2 - 6*f - 5. Let m(w) = w**2 + 5*w - 2. Let j be (-32)/(-3) - (-14)/(-21). Let a = 6 - j. Let u be m(a). What is k(u)?
-5
Let t(p) = -p - 6. Let n be -4 - (4 + -2 + 3). Let c = 4 + n. Give t(c).
-1
Let k(a) = a**3 + 6*a**2 + a - 6. Let p(i) = i**2 + 7*i + 4. Let t be p(-7). Let r = t - 10. Determine k(r).
-12
Let f be -4 + (6 - (-2)/(-1)). Let s(b) = -8 - b - 2*b**2 - 1 + b**2. Calculate s(f).
-9
Let x(r) = r**2 + 1. Let f(y) = -2*y - 1. Let d be (-49)/(-42) + 2/(-12). Let a(o) = d*f(o) + x(o). Let w = 11 + -7. What is a(w)?
8
Let z(s) = -s + 1 - 2*s**2 + 6*s**3 + s. Let p(g) = 2*g - 9. Let x be p(4). Give z(x).
-7
Suppose 2*c + 6*v - 2*v = -4, -6 = -5*c - 2*v. Let i be 6/8 - c/(-8). Let o(m) = -3*m - 2. Let l(z) = -4*z - 1. Let k(t) = -3*l(t) + 2*o(t). What is k(i)?
5
Suppose t - 5 = 6*t. Let a(k) = 5*k**2 + 2*k**2 - 15*k**2 - 1 - 2*k. Determine a(t).
-7
Let u(t) = 39*t + 144. Let d(g) = g - 11. Let j(v) = -v + 22. Let b(f) = 7*d(f) + 4*j(f). Let w(a) = -27*b(a) + 2*u(a). Give w(-7).
12
Let t(m) be the first derivative of m**3/3 + m**2/2 - 16. Determine t(1).
2
Let l(y) = -y**3 + 6*y**2 + 4. Let i be l(6). Suppose x = -i*x. Suppose x = -5*j + 4*b - 30, -j + 0*j - b = -3. Let c(p) = -2*p**2 - p. Determine c(j).
-6
Let j(z) = -9*z. Let o(m) = 4*m. Let g(b) = 3*j(b) + 5*o(b). Determine g(-1).
7
Let s(k) = k**3 + 7*k**2 + 6*k - 5. Let a be s(-6). Let p(i) = i + 3. Let c(m) = m + 2. Let x(l) = 2*c(l) - 3*p(l). Calculate x(a).
0
Let z(j) be the second derivative of -j**5/20 - j**4/2 + j**3/2 + 4*j**2 - 25*j. Determine z(-6).
-10
Let q(d) = 10*d - 5. Let j be q(0). Let i(n) = 3*n. D